{"id":16996,"date":"2023-03-22T15:03:37","date_gmt":"2023-03-22T14:03:37","guid":{"rendered":"https:\/\/xn--urbaseal-i3a.es\/index.php\/producto\/mod-aimpe-viana\/"},"modified":"2023-03-23T17:23:53","modified_gmt":"2023-03-23T16:23:53","slug":"mod-aimpe-viana","status":"publish","type":"product","link":"https:\/\/xn--urbaseal-i3a.es\/?product=mod-aimpe-viana","title":{"rendered":"MOD. AIMPE Viana"},"content":{"rendered":"<p>Se\u00f1al peatonal de panel\/lama en aluminio con posibilidad de indicaci\u00f3n en cuatro direcciones y alturas distintas. Sistema de soporte de r\u00f3tulo mediante cogida a gu\u00cda de poste. El sistema permite la ubicaci\u00f3n de lamas de se\u00f1alizaci\u00f3n en distintas direcciones a la misma altura y la rotulaci\u00f3n a dos caras.<\/p>\n<p>&nbsp;<\/p>\n","protected":false},"excerpt":{"rendered":"<p>Se\u00f1al peatonal de panel\/lama en aluminio con posibilidad de indicaci\u00f3n en cuatro direcciones y alturas distintas. Sistema de soporte de<\/p>\n","protected":false},"featured_media":17872,"template":"","meta":[],"product_brand":[],"product_cat":[279,277],"product_tag":[],"class_list":{"0":"post-16996","1":"product","2":"type-product","3":"status-publish","4":"has-post-thumbnail","6":"product_cat-modelo-aimpe","7":"product_cat-senalizacion-urbana","9":"first","10":"instock","11":"shipping-taxable","12":"product-type-simple"},"aioseo_notices":[],"_links":{"self":[{"href":"https:\/\/xn--urbaseal-i3a.es\/index.php?rest_route=\/wp\/v2\/product\/16996","targetHints":{"allow":["GET"]}}],"collection":[{"href":"https:\/\/xn--urbaseal-i3a.es\/index.php?rest_route=\/wp\/v2\/product"}],"about":[{"href":"https:\/\/xn--urbaseal-i3a.es\/index.php?rest_route=\/wp\/v2\/types\/product"}],"version-history":[{"count":1,"href":"https:\/\/xn--urbaseal-i3a.es\/index.php?rest_route=\/wp\/v2\/product\/16996\/revisions"}],"predecessor-version":[{"id":17873,"href":"https:\/\/xn--urbaseal-i3a.es\/index.php?rest_route=\/wp\/v2\/product\/16996\/revisions\/17873"}],"wp:featuredmedia":[{"embeddable":true,"href":"https:\/\/xn--urbaseal-i3a.es\/index.php?rest_route=\/wp\/v2\/media\/17872"}],"wp:attachment":[{"href":"https:\/\/xn--urbaseal-i3a.es\/index.php?rest_route=%2Fwp%2Fv2%2Fmedia&parent=16996"}],"wp:term":[{"taxonomy":"product_brand","embeddable":true,"href":"https:\/\/xn--urbaseal-i3a.es\/index.php?rest_route=%2Fwp%2Fv2%2Fproduct_brand&post=16996"},{"taxonomy":"product_cat","embeddable":true,"href":"https:\/\/xn--urbaseal-i3a.es\/index.php?rest_route=%2Fwp%2Fv2%2Fproduct_cat&post=16996"},{"taxonomy":"product_tag","embeddable":true,"href":"https:\/\/xn--urbaseal-i3a.es\/index.php?rest_route=%2Fwp%2Fv2%2Fproduct_tag&post=16996"}],"curies":[{"name":"wp","href":"https:\/\/api.w.org\/{rel}","templated":true}]}}