{"id":17043,"date":"2023-03-22T15:03:48","date_gmt":"2023-03-22T14:03:48","guid":{"rendered":"https:\/\/xn--urbaseal-i3a.es\/index.php\/producto\/microesferas-de-vidrio-25-kg\/"},"modified":"2023-07-07T08:47:39","modified_gmt":"2023-07-07T07:47:39","slug":"microesferas-de-vidrio","status":"publish","type":"product","link":"https:\/\/xn--urbaseal-i3a.es\/?product=microesferas-de-vidrio","title":{"rendered":"Microesferas de Vidrio"},"content":{"rendered":"<p>Microesferas de vidrio (silicico-s\u00f3dico), con \u00edndice de refracci\u00f3n bajo para se\u00f1alizaci\u00f3n vial. Tratamiento de adherencia general y granulometr\u00eda entre 125 y 710 micras.<\/p>\n<p>Microesfera de postadici\u00f3n sobre pinturas base solvente termopl\u00e1sticos en caliente y pl\u00e1sticos en fr\u00edo de dos componentes para retrorreflexi\u00f3n normal.<\/p>\n<p>Esta microesfera cumple la norma europea EN 1423\/A1, ostenta marcado CE y se utiliza, en combinaci\u00f3n con pinturas de se\u00f1alizaci\u00f3n vial, para componer marcas viales que satisfacen los requisitos de la norma europea EN 1436.<\/p>\n","protected":false},"excerpt":{"rendered":"<p>Microesferas de vidrio (silicico-s\u00f3dico), con \u00edndice de refracci\u00f3n bajo para se\u00f1alizaci\u00f3n vial. Tratamiento de adherencia general y granulometr\u00eda entre 125<\/p>\n","protected":false},"featured_media":0,"template":"","meta":[],"product_brand":[],"product_cat":[283],"product_tag":[],"class_list":{"0":"post-17043","1":"product","2":"type-product","3":"status-publish","5":"product_cat-pintura-de-senalizacion-vial","7":"first","8":"instock","9":"shipping-taxable","10":"product-type-simple"},"aioseo_notices":[],"_links":{"self":[{"href":"https:\/\/xn--urbaseal-i3a.es\/index.php?rest_route=\/wp\/v2\/product\/17043","targetHints":{"allow":["GET"]}}],"collection":[{"href":"https:\/\/xn--urbaseal-i3a.es\/index.php?rest_route=\/wp\/v2\/product"}],"about":[{"href":"https:\/\/xn--urbaseal-i3a.es\/index.php?rest_route=\/wp\/v2\/types\/product"}],"version-history":[{"count":3,"href":"https:\/\/xn--urbaseal-i3a.es\/index.php?rest_route=\/wp\/v2\/product\/17043\/revisions"}],"predecessor-version":[{"id":19020,"href":"https:\/\/xn--urbaseal-i3a.es\/index.php?rest_route=\/wp\/v2\/product\/17043\/revisions\/19020"}],"wp:attachment":[{"href":"https:\/\/xn--urbaseal-i3a.es\/index.php?rest_route=%2Fwp%2Fv2%2Fmedia&parent=17043"}],"wp:term":[{"taxonomy":"product_brand","embeddable":true,"href":"https:\/\/xn--urbaseal-i3a.es\/index.php?rest_route=%2Fwp%2Fv2%2Fproduct_brand&post=17043"},{"taxonomy":"product_cat","embeddable":true,"href":"https:\/\/xn--urbaseal-i3a.es\/index.php?rest_route=%2Fwp%2Fv2%2Fproduct_cat&post=17043"},{"taxonomy":"product_tag","embeddable":true,"href":"https:\/\/xn--urbaseal-i3a.es\/index.php?rest_route=%2Fwp%2Fv2%2Fproduct_tag&post=17043"}],"curies":[{"name":"wp","href":"https:\/\/api.w.org\/{rel}","templated":true}]}}