{"id":18966,"date":"2023-07-06T11:12:39","date_gmt":"2023-07-06T10:12:39","guid":{"rendered":"https:\/\/xn--urbaseal-i3a.es\/?post_type=product&#038;p=18966"},"modified":"2023-07-07T08:04:02","modified_gmt":"2023-07-07T07:04:02","slug":"agente-de-curado-para-plasticos-en-frio","status":"publish","type":"product","link":"https:\/\/xn--urbaseal-i3a.es\/?product=agente-de-curado-para-plasticos-en-frio","title":{"rendered":"Agente de Curado Para Pl\u00e1sticos en Fr\u00edo"},"content":{"rendered":"<p>Per\u00f3xido org\u00e1nico = iniciador del secado y agente de curado para pl\u00e1sticos en fr\u00edo bicomponente.<\/p>\n<p>Indicador del secado y agente de curado en pl\u00e1sticos en fr\u00edo de dos componentes para se\u00f1alizaci\u00f3n vial.<\/p>\n<p>De aplicaci\u00f3n a mano y de aplicaci\u00f3n autom\u00e1tica a m\u00e1quina.<\/p>\n","protected":false},"excerpt":{"rendered":"<p>Per\u00f3xido org\u00e1nico = iniciador del secado y agente de curado para pl\u00e1sticos en fr\u00edo bicomponente. Indicador del secado y agente<\/p>\n","protected":false},"featured_media":0,"template":"","meta":[],"product_brand":[],"product_cat":[283],"product_tag":[],"class_list":{"0":"post-18966","1":"product","2":"type-product","3":"status-publish","5":"product_cat-pintura-de-senalizacion-vial","7":"first","8":"instock","9":"shipping-taxable","10":"product-type-simple"},"aioseo_notices":[],"_links":{"self":[{"href":"https:\/\/xn--urbaseal-i3a.es\/index.php?rest_route=\/wp\/v2\/product\/18966","targetHints":{"allow":["GET"]}}],"collection":[{"href":"https:\/\/xn--urbaseal-i3a.es\/index.php?rest_route=\/wp\/v2\/product"}],"about":[{"href":"https:\/\/xn--urbaseal-i3a.es\/index.php?rest_route=\/wp\/v2\/types\/product"}],"version-history":[{"count":2,"href":"https:\/\/xn--urbaseal-i3a.es\/index.php?rest_route=\/wp\/v2\/product\/18966\/revisions"}],"predecessor-version":[{"id":18975,"href":"https:\/\/xn--urbaseal-i3a.es\/index.php?rest_route=\/wp\/v2\/product\/18966\/revisions\/18975"}],"wp:attachment":[{"href":"https:\/\/xn--urbaseal-i3a.es\/index.php?rest_route=%2Fwp%2Fv2%2Fmedia&parent=18966"}],"wp:term":[{"taxonomy":"product_brand","embeddable":true,"href":"https:\/\/xn--urbaseal-i3a.es\/index.php?rest_route=%2Fwp%2Fv2%2Fproduct_brand&post=18966"},{"taxonomy":"product_cat","embeddable":true,"href":"https:\/\/xn--urbaseal-i3a.es\/index.php?rest_route=%2Fwp%2Fv2%2Fproduct_cat&post=18966"},{"taxonomy":"product_tag","embeddable":true,"href":"https:\/\/xn--urbaseal-i3a.es\/index.php?rest_route=%2Fwp%2Fv2%2Fproduct_tag&post=18966"}],"curies":[{"name":"wp","href":"https:\/\/api.w.org\/{rel}","templated":true}]}}