{"id":19079,"date":"2023-07-12T10:35:36","date_gmt":"2023-07-12T09:35:36","guid":{"rendered":"https:\/\/xn--urbaseal-i3a.es\/?post_type=product&#038;p=19079"},"modified":"2023-07-12T10:35:37","modified_gmt":"2023-07-12T09:35:37","slug":"perfil-bituminoso-autoadhesivo-para-tapar-y-sellar-fisuras-y-grietas-de-40-mm-de-ancho-y-4-mm-de-grosor-y-de-25-mm-de-ancho-y-8-mm-de-grosor","status":"publish","type":"product","link":"https:\/\/xn--urbaseal-i3a.es\/?product=perfil-bituminoso-autoadhesivo-para-tapar-y-sellar-fisuras-y-grietas-de-40-mm-de-ancho-y-4-mm-de-grosor-y-de-25-mm-de-ancho-y-8-mm-de-grosor","title":{"rendered":"Perfil Bituminoso Autoadhesivo Para Tapar y Sellar Fisuras y Grietas de 40 mm de Ancho y 4 mm de Grosor, y de 25 mm de Ancho y 8 mm de Grosor"},"content":{"rendered":"<p>Es un perfil bituminoso para la reparaci\u00f3n r\u00e1pida y econ\u00f3mica de fisuras y deterioros similares en calzadas asf\u00e1lticas. Es un material experimentado, con propiedades pl\u00e1sticas y una capa autoadhesiva que asegura una uni\u00f3n \u00f3ptima con las capas inferiores.<\/p>\n","protected":false},"excerpt":{"rendered":"<p>Es un perfil bituminoso para la reparaci\u00f3n r\u00e1pida y econ\u00f3mica de fisuras y deterioros similares en calzadas asf\u00e1lticas. Es un<\/p>\n","protected":false},"featured_media":0,"template":"","meta":[],"product_brand":[],"product_cat":[341],"product_tag":[],"class_list":{"0":"post-19079","1":"product","2":"type-product","3":"status-publish","5":"product_cat-mantenimiento-vial","7":"first","8":"instock","9":"shipping-taxable","10":"product-type-simple"},"aioseo_notices":[],"_links":{"self":[{"href":"https:\/\/xn--urbaseal-i3a.es\/index.php?rest_route=\/wp\/v2\/product\/19079","targetHints":{"allow":["GET"]}}],"collection":[{"href":"https:\/\/xn--urbaseal-i3a.es\/index.php?rest_route=\/wp\/v2\/product"}],"about":[{"href":"https:\/\/xn--urbaseal-i3a.es\/index.php?rest_route=\/wp\/v2\/types\/product"}],"version-history":[{"count":2,"href":"https:\/\/xn--urbaseal-i3a.es\/index.php?rest_route=\/wp\/v2\/product\/19079\/revisions"}],"predecessor-version":[{"id":19081,"href":"https:\/\/xn--urbaseal-i3a.es\/index.php?rest_route=\/wp\/v2\/product\/19079\/revisions\/19081"}],"wp:attachment":[{"href":"https:\/\/xn--urbaseal-i3a.es\/index.php?rest_route=%2Fwp%2Fv2%2Fmedia&parent=19079"}],"wp:term":[{"taxonomy":"product_brand","embeddable":true,"href":"https:\/\/xn--urbaseal-i3a.es\/index.php?rest_route=%2Fwp%2Fv2%2Fproduct_brand&post=19079"},{"taxonomy":"product_cat","embeddable":true,"href":"https:\/\/xn--urbaseal-i3a.es\/index.php?rest_route=%2Fwp%2Fv2%2Fproduct_cat&post=19079"},{"taxonomy":"product_tag","embeddable":true,"href":"https:\/\/xn--urbaseal-i3a.es\/index.php?rest_route=%2Fwp%2Fv2%2Fproduct_tag&post=19079"}],"curies":[{"name":"wp","href":"https:\/\/api.w.org\/{rel}","templated":true}]}}